t -4159 (base 12) to base 2.
-1101111010101
Convert -3ab (base 15) to base 9.
-1128
1018 (base 9) to base 12
522
What is 89 (base 14) in base 13?
94
Convert -17a1 (base 13) to base 5.
-103021
Convert -733 (base 13) to base 11.
-a14
-42404 (base 6) to base 9
-7814
What is -5013 (base 16) in base 10?
-20499
Convert 111001011111 (base 2) to base 15.
1154
Convert 1179 (base 13) to base 3.
10101100
242000 (base 7) to base 5
2401104
What is -670 (base 11) in base 5?
-11203
What is 1cb (base 13) in base 5?
2321
What is -2260 (base 8) in base 16?
-4b0
-1106 (base 14) to base 9
-4033
Convert 5a7e (base 15) to base 12.
b178
What is -aa (base 11) in base 2?
-1111000
Convert -690 (base 11) to base 6.
-3453
Convert 220312 (base 4) to base 2.
101000110110
12a8 (base 13) to base 5
41143
What is -313004 (base 5) in base 8?
-24213
Convert 5a15 (base 12) to base 16.
2771
Convert 100014 (base 5) to base 11.
239a
What is -209 (base 14) in base 8?
-621
What is 1000100110001 (base 2) in base 14?
1865
What is -6365 (base 12) in base 2?
-10101001111101
1011010000110 (base 2) to base 14
215c
What is 221220012 (base 3) in base 4?
10212332
Convert -41b8 (base 12) to base 13.
-3377
Convert 2153 (base 12) to base 11.
2830
374 (base 15) to base 5
11114
Convert 23a (base 15) to base 8.
771
20 (base 16) to base 2
100000
Convert -1131 (base 7) to base 15.
-1c9
What is -2042134 (base 5) in base 6?
-421340
18a8 (base 12) to base 7
11525
Convert -203 (base 14) to base 6.
-1455
-425 (base 16) to base 2
-10000100101
-1c46 (base 13) to base 8
-10273
Convert 142c (base 13) to base 3.
10222211
What is -444 (base 6) in base 4?
-2230
What is 653 (base 7) in base 5?
2312
Convert -616 (base 7) to base 16.
-133
Convert -db0 (base 16) to base 12.
-2040
What is -4b81 (base 12) in base 10?
-8593
-11a (base 16) to base 14
-162
-56135 (base 9) to base 4
-21012230
Convert -100022212 (base 3) to base 10.
-6800
Convert -227e (base 16) to base 14.
-330a
What is -13054 (base 11) in base 14?
-6b53
Convert 3502 (base 8) to base 7.
5263
Convert -3120 (base 12) to base 4.
-1103220
-165e (base 15) to base 8
-11316
c76 (base 15) to base 8
5373
Convert 56585 (base 10) to base 14.
1689b
-11001111100 (base 2) to base 10
-1660
Convert -11112 (base 4) to base 15.
-17c
Convert 189b (base 15) to base 6.
40345
What is -784 (base 9) in base 10?
-643
Convert 4175 (base 8) to base 5.
32143
Convert -204122 (base 7) to base 8.
-104353
What is -258 (base 9) in base 2?
-11010111
What is -483 (base 13) in base 11?
-652
What is 1101011000100 (base 2) in base 15?
206c
What is -5328 (base 14) in base 9?
-21607
222002221 (base 3) to base 10
19033
What is -2573 (base 8) in base 14?
-723
Convert 219a (base 13) to base 16.
1252
Convert -20001121 (base 3) to base 8.
-10501
-1150 (base 10) to base 13
-6a6
-230 (base 10) to base 7
-446
Convert 33a (base 16) to base 7.
2260
-3828 (base 12) to base 7
-24365
Convert 1101001011111011 (base 2) to base 14.
1597d
Convert -8a3a (base 13) to base 7.
-110212
What is 5056 (base 9) in base 12?
2180
121430 (base 6) to base 4
2213322
-101101000010 (base 2) to base 15
-cc2
-104561 (base 7) to base 9
-27288
Convert -b8 (base 16) to base 12.
-134
-1100101001 (base 2) to base 11
-676
1250 (base 16) to base 13
2198
Convert 4c5 (base 16) to base 3.
1200020
What is 30331 (base 5) in base 11?
1528
Convert 94a (base 15) to base 6.
13411
Convert 2226 (base 7) to base 11.
671
What is -3406 (base 8) in base 13?
-a84
What is 9c3 (base 13) in base 4?
122100
What is -2551 (base 6) in base 8?
-1203
20353 (base 6) to base 15
c23
What is 21123 (base 4) in base 8?
1133
-c28 (base 14) to base 3
-10021110
What is 3bc (base 15) in base 13?
507
-1106 (base 10) to base 4
-101102
What is 5545 (base 16) in base 2?
101010101000101
-242422 (base 7) to base 4
-22301110
What is -13513 (base 6) in base 3?
-2221000
23033 (base 4) to base 3
222122
11012301 (base 4) to base 13
9699
Convert 17c (base 16) to base 5.
3010
Convert -4103 (base 7) to base 9.
-1852
What is -1214211 (base 5) in base 11?
-16360
What is 111301 (base 4) in base 5?
21033
What is -497 (base 10) in base 12?
-355
-17b9 (base 15) to base 10
-5124
Convert 848 (base 13) to base 2.
10110000100
What is -15300 (base 6) in base 9?
-3360
What is 3d (base 15) in base 14?
42
17564 (base 8) to base 12
47b0
What is -20 (base 6) in base 11?
-11
Convert 400 (base 5) to base 6.
244
What is -321143 (base 5) in base 11?
-8127
Convert eaaa (base 16) to base 4.
32222222
Convert 23716 (base 8) to base 4.
2133032
Convert 114250 (base 7) to base 12.
bba1
66 (base 10) to base 12
56
63f (base 16) to base 15
719
What is -2002121211 (base 3) in base 9?
-62554
What is -1216 (base 7) in base 11?
-383
Convert 12560 (base 7) to base 8.
6456
Convert 3373 (base 12) to base 14.
2115
Convert 4b6 (base 14) to base 8.
1660
What is 112102 (base 3) in base 13?
23c
What is -5566 (base 11) in base 4?
-1302210
What is -96 (base 14) in base 9?
-156
What is -1235 (base 7) in base 2?
-111010011
What is -3131 (base 7) in base 14?
-588
-e1 (base 16) to base 5
-1400
7714 (base 12) to base 4
3031000
What is 11122120 (base 3) in base 6?
23410
Convert -11b88 (base 12) to base 3.
-1020010112
433c (base 13) to base 5
244341
What is -a8 (base 15) in base 8?
-236
What is -101442 (base 6) in base 11?
-6150
What is 207 (base 14) in base 9?
483
Convert 176b (base 13) to base 2.
110110001101
230124 (base 6) to base 2
100110000100100
What is -1110100110111000 (base 2) in base 14?
-17b3a
222 (base 8) to base 2
10010010
-2000224 (base 5) to base 14
-b5aa
Convert -440302 (base 5) to base 4.
-3223211
What is 153 (base 8) in base 9?
128
What is 13521 (base 8) in base 16?
1751
Convert -650 (base 9) to base 6.
-2243
Convert -211222001 (base 3) to base 2.
-100000101100101
Convert 23410 (base 6) to base 2.
110100111110
1050 (base 7) to base 8
572
What is -140a (base 12) in base 11?
-1814
Convert -2237 (base 15) to base 10.
-7252
What is -408a (base 13) in base 16?
-22c6
-9a8 (base 16) to base 12
-1520
What is -593a (base 13) in base 3?
-122020000
-b88 (base 15) to base 12
-160b
Convert -202425 (base 8) to base 9.
-111613
Convert 842 (base 16) to base 2.
100001000010
What is 1011000111100 (base 2) in base 11?
4305
1639 (base 16) to base 5
140224
Convert -566 (base 12) to base 13.
-495
Convert 640 (base 15) to base 16.
582
What is -44757 (base 10) in base 15?
-d3dc
What is -2ca (base 13) in base 14?
-280
9b1 (base 14) to base 9
2562
Convert 3001 (base 4) to base 6.
521
Convert -1050 (base 6) to base 2.
-11110110
Convert 1baa (base 13) to base 6.
31232
What is ea37 (base 16) in base 6?
1141331
What is -719 (base 10) in base 8?
-1317
-32a (base 12) to base 14
-254
Convert 25d (base 14) to base 16.
1db
What is -2696 (base 11) in base 9?
-4711
Convert 110000011011 (base 2) to base 9.
4223
221001 (base 3) to base 7
1654
320 (base 15) to base 4
23001
Convert -141151 (base 7) to base 11.
-1918a
What is 37356 (base 9) in base 14?
91d6
30624 (base 8) to base 15
3b62
-10011011101100 (base 2) to base 14
-38ba
What is -1da4 (base 15) in base 2?
-1100100110110
44 (base 12) to base 3
1221
-270 (base 13) to base 6
-1553
-126455 (base 7) to base 13
-ab59
What is -1702a (base 14) in base 3?
-2221002122
1001111101 (base 2) to base 6
2541
-252a (base 16) to base 3
-111001101
Convert 1535 (base 6) to base 4.
12203
Convert -2252 (base 6) to base 9.
-655
What is 417 (base 13) in base 7?
2013
-24c (base 15) to base 9
-640
-c84 (base 14) to base 7
-10124
Convert 10011 (base 8) to base 13.
1b3a
Convert 6804 (base 11) to base 6.
105250
Convert -200220121 (base 3) to base 12.
-7b8a
Convert 102413 (base 7) to base 6.
213535
Convert 2c2 (base 13) to base 11.
411
Convert bb73 (base 15) to base 6.
503500
Convert -575 (base 11) to base 10.
-687
Convert -1230 (base 4) to base 8.
-154
What is -56121 (base 8) in base 16?
-5c51
Convert -111100110001 (base 2) to base 11.
-2a16
-1000001010 (base 2) to base 10
-522
Convert -12885 (base 16) to base 7.
-434211
What is -4b1 (base 16) in base 6?
-5321
2664 (base 7) to base 13
60c
What is -5255 (base 12) in base 11?
-6836
Convert 10011111001110010 (base 2) to base 10.
81522
Convert -58 (base 11) to base 5.
-223
-628 (base 14) to base 7
-3351
1019e (base 15) to base 7
301454
Convert 11001101 (base 2) to base 12.
151